25. Determine a(-36).
11
Let r(l) = 9*l**2 - 61*l - 500. Determine r(-9).
778
Let r(d) = -376*d + 48133. Determine r(128).
5
Let d(z) = -1021*z + 33690. What is d(33)?
-3
Let x(o) = 2*o**2 - 2*o - 6. Give x(7).
78
Let c(h) = 98*h + 2301. Determine c(-24).
-51
Let n(f) = -2*f**2 - 122*f - 1582. Give n(-44).
-86
Let j(a) = a**3 + 9*a**2 - 5*a - 16. What is j(-10)?
-66
Let d(s) = 12207*s - 329575. Calculate d(27).
14
Let v(y) = 725*y + 5067. Determine v(-7).
-8
Let t(p) = 2*p - 114. Give t(43).
-28
Let b(q) = -2*q**3 + 54*q**2 + 10*q - 263. What is b(27)?
7
Let o(q) = q**3 + 18*q**2 + 87*q + 115. Give o(-11).
5
Let g(m) = 597*m**3 - m**2 + 46*m - 44. What is g(1)?
598
Let j(z) = 47*z - 3170. What is j(67)?
-21
Let h(g) = 100*g - 181. Calculate h(2).
19
Let r(y) = -10*y**2 - 14. What is r(0)?
-14
Let s(p) = 10*p**2 + 12*p - 12. Calculate s(3).
114
Let n(l) = l**2 + 76*l - 1010. Determine n(-88).
46
Let s(h) = -150*h + 2992. What is s(20)?
-8
Let a(r) = -2*r**3 - 13*r**2 - 6*r - 78. Determine a(-7).
13
Let r(f) = -2*f**2 - 298*f - 984. Determine r(-145).
176
Let z(q) = q**2 - 174*q + 2939. What is z(19)?
-6
Let f(m) = -2*m**3 - 46*m**2 + 48*m - 124. Determine f(-24).
-124
Let z(s) = -s**3 + 7*s**2 + 80*s - 8. Calculate z(13).
18
Let w(i) = -i**2 + 76*i + 1874. Give w(94).
182
Let q(s) = 55*s - 4949. What is q(90)?
1
Let y(d) = -6*d**3 - 6*d**2 - 12*d - 7. Give y(-2).
41
Let j(m) = -9*m**2 + 469*m + 3076. Give j(58).
2
Let s(c) = 18*c**3 + 4*c**2 + 7*c - 46. Determine s(-3).
-517
Let j(t) = t**3 + t**2 - 62*t + 24. Determine j(-9).
-66
Let d(x) = -3*x**2 - 59*x + 145. Calculate d(-22).
-9
Let x(t) = -t**2 - 29*t + 92. What is x(-35)?
-118
Let w(p) = 2*p**3 + 7*p**2 - 12*p - 62. What is w(-5)?
-77
Let b(a) = 15*a + 182. Give b(-13).
-13
Let x(j) = -j**3 + 64*j**2 + 660*j - 214. Calculate x(73).
5
Let q(i) = i**2 + 22*i + 59. Give q(-11).
-62
Let c(f) = f**3 + 69*f**2 + 585*f - 301. Calculate c(-59).
-6
Let v(z) = -z**3 - 9*z**2 - 12*z - 22. Determine v(-7).
-36
Let c(s) = 40*s - 108. What is c(7)?
172
Let d(w) = -w**3 - 2*w**2 - 15. Give d(-3).
-6
Let s(y) = -27*y - 702. Give s(-30).
108
Let s(d) = 2*d**2 - 10*d + 30. What is s(5)?
30
Let x(h) = 657*h + 14416. Give x(-22).
-38
Let x(v) = -v**2 - 14*v - 54. Determine x(-18).
-126
Let t(m) = 95*m - 12. Calculate t(-2).
-202
Let w(m) = -m**3 - 17*m**2 + 8*m - 174. Calculate w(-18).
6
Let s(h) = -h**3 - 5*h**2 - 29*h - 112. Determine s(-4).
-12
Let a(q) = 2*q**3 - 110*q**2 + 96*q + 637. What is a(54)?
-11
Let y(j) = j**2 - 18*j + 25. Determine y(14).
-31
Let k(r) = -r**3 + 10*r**2 + 41*r + 2. What is k(-3)?
-4
Let a(y) = -y**2 + 98*y + 760. What is a(105)?
25
Let c(j) = -j**2 + 66*j + 943. What is c(76)?
183
Let y(l) = -l**3 + 16*l + 14. Determine y(-4).
14
Let n(l) = -3*l**2 + 113*l - 107. Calculate n(35).
173
Let j(x) = 81*x + 1386. Determine j(-17).
9
Let b(m) = -73*m - 518. Determine b(-7).
-7
Let u(d) = -d**3 - 65*d**2 + 63*d - 204. Determine u(-66).
-6
Let v(f) = -22*f - 1973. What is v(-90)?
7
Let o(k) = -4*k**2 - 109*k - 69. What is o(-25)?
156
Let y(k) = -2*k**2 - 425*k + 2523. Give y(6).
-99
Let g(d) = -151*d - 1040. Give g(-7).
17
Let h(r) = -20*r - 1311. Calculate h(-67).
29
Let m(y) = 282*y - 2254. Determine m(8).
2
Let j(h) = -27*h**3 + 243*h**2 - 5*h + 45. What is j(9)?
0
Let h(a) = a**3 - 30*a**2 + 62*a - 197. Give h(28).
-29
Let p(b) = 3*b - 88. Calculate p(-17).
-139
Let v(f) = -f**3 + 10*f**2 + 43*f - 18. Calculate v(13).
34
Let x(o) = 52*o + 16. Give x(-2).
-88
Let n(s) = -3*s**2 - 5*s + 89. Calculate n(-6).
11
Let w(l) = l**2 + 496*l - 4566. Give w(9).
-21
Let w(a) = 114*a + 209. What is w(-2)?
-19
Let v(s) = -s**3 - 8*s**2 - 4*s + 2. What is v(-7)?
-19
Let t(p) = -206*p - 55. Give t(-1).
151
Let a(g) = 4*g**2 - 9*g + 19. Determine a(4).
47
Let n(v) = -79*v**2 + 2*v + 3. Determine n(-1).
-78
Let b(y) = -7*y**3 - 3*y**2 - 39*y - 105. Determine b(-4).
451
Let q(z) = 1242*z**2 + 4970*z + 3. Calculate q(-4).
-5
Let n(a) = 10*a**2 - 401*a + 30. Give n(40).
-10
Let k(c) = -34*c + 2828. Calculate k(82).
40
Let z(k) = 2*k**3 + 5*k**2 - 30*k + 23. Determine z(4).
111
Let n(k) = -k + 17. Give n(21).
-4
Let u(n) = 4*n**2 - 276*n - 1083. What is u(73)?
85
Let n(q) = 67*q - 222. What is n(5)?
113
Let l(d) = -13*d + 245. Give l(32).
-171
Let f(b) = 3*b**3 + 73*b**2 + 212*b + 41. Give f(-21).
-1
Let j(d) = 2*d**3 - 3*d**2 - 52*d - 25. Give j(-4).
7
Let a(f) = -327*f + 1685. What is a(5)?
50
Let o(v) = 8*v**2 + 323*v + 113. What is o(-40)?
-7
Let f(z) = 2*z**3 - 29*z**2 - 43*z + 416. What is f(15)?
-4
Let d(p) = 5*p**2 - 76*p - 55. Give d(16).
9
Let j(f) = 64*f + 1161. Give j(-18).
9
Let k(u) = -u**2 + 105*u + 3553. Determine k(-27).
-11
Let i(l) = 879*l - 10553. Calculate i(12).
-5
Let c(l) = -53*l - 482. Give c(-7).
-111
Let x(j) = -35*j**3 + j**2 - 3*j - 3. What is x(2)?
-285
Let q(i) = -170*i + 207. What is q(1)?
37
Let j(x) = 2*x**3 - 36*x**2 + 30*x + 56. Give j(17).
-12
Let n(q) = 78*q + 12279. Calculate n(-157).
33
Let u(l) = 4*l**2 + 2*l + 32. Give u(0).
32
Let w(c) = 27*c**3 - c**2 + 161*c - 161. Give w(1).
26
Let j(f) = -f**3 + 24*f**2 - 108*f + 3. Determine j(18).
3
Let q(i) = 6*i**2 - 171*i - 564. What is q(-3)?
3
Let z(o) = 268*o**3 - 2*o**2. Calculate z(1).
266
Let r(z) = 25*z**2 - 8*z - 11. Give r(-1).
22
Let p(x) = -x**3 - 16*x**2 + 63*x + 168. Calculate p(-20).
508
Let a(y) = -4*y**3 - 213*y**2 - 50*y + 190. Give a(-53).
31
Let q(g) = 13*g**2 + 3*g - 866. Determine q(0).
-866
Let p(g) = -g**3 + 74*g**2 + 7*g - 670. Give p(74).
-152
Let b(k) = 2*k - 12. Determine b(85).
158
Let x(z) = 676*z + 671. Give x(-1).
-5
Let j(c) = -c**3 - 108*c**2 + 12*c - 9. Give j(0).
-9
Let d(s) = -236*s - 5868. Calculate d(-25).
32
Let n(w) = 6*w**3 + 3*w**2 + 4*w - 3. Calculate n(-2).
-47
Let y(q) = q**3 - 19*q**2 + 30*q - 5. Calculate y(2).
-13
Let z(d) = -6*d**2 + 140*d - 654. What is z(17)?
-8
Let h(b) = b**2 + 40*b + 49. Calculate h(-28).
-287
Let q(i) = 13*i - 76. What is q(3)?
-37
Let k(a) = -3*a**2 + 154*a - 122. What is k(51)?
-71
Let t(x) = -x**2 + 39*x + 7. Calculate t(30).
277
Let z(g) = g**3 + 47*g**2 - 2*g + 171. Determine z(-47).
265
Let k(w) = -3*w**2 + 98*w + 11. What is k(-5)?
-554
Let k(n) = -5*n**3 - 34*n**2 + 117*n + 793. Determine k(-7).
23
Let t(c) = -86*c - 149. What is t(-2)?
23
Let r(h) = 121*h**2 - 69*h - 68. Give r(-1).
122
Let w(g) = -g**2 - 257*g - 7586. What is w(-223)?
-4
Let p(i) = -2*i**2 + 348*i + 2527. Calculate p(-7).
-7
Let d(r) = 10*r**2 + 29*r - 30. Calculate d(1).
9
Let z(o) = 2*o**3 - 19*o**2 + 10*o + 12. Give z(9).
21
Let i(f) = f**3 - 35*f**2 + 302*f - 25. Calculate i(20).
15
Let j(s) = 2*s**3 - 4*s**2 - 4*s - 14. Determine j(3).
-8
Let r(m) = -52*m + 930. Give r(18).
-6
Let g(t) = t**3 - 3*t**2 + 12*t + 11. Give g(5).
121
Let f(c) = 2*c**2 - 3412*c + 13613. Determine f(4).
-3
Let s(g) = 14*g - 186. What is s(15)?
24
Let c(k) = k**3 + 32*k**2 + k - 5. Determine c(-32).
-37
Let l(k) = -5*k + 350. Give l(78).
-40
Let i(f) = -1942*f - 11660. What is i(-6)?
-8
Let k(s) = s**3 + 31*s**2 + 87*s + 72. What is k(-28)?
-12
Let x(j) = -j**3 - 34*j**2 + 151*j - 42. Determine x(-38).
-4
Let x(n) = n**2 - 129*n + 2182. Calculate x(109).
2
Let n(s) = -s**2 + 34*s - 316. Determine n(21).
-43
Let p(w) = -2*w**3 - 5*w**2 - 6*w + 13. Determine p(2).
-35
Let b(t) = t**2 - 34*t + 112. Calculate b(28).
-56
Let t(c) = -2*c**3 - 11*c**2 + 2*c + 34. Give t(-5).
-1
Let r(u) = 2*u**3 - 212*u**2 - 259*u + 4846. What is r(107)?
31
Let l(b) = -49*b + 727. Determine l(15).
-8
Let n(p) = -21*p**2 - 51*p - 9. Determine n(-2).
9
Let f(o) = o**3 - 15*o**2 - 38*o - 17. Determine f(17).
-85
Let j(a) = 31*a**2 - 3*a - 7. Give j(-2).
123
Let a(d) = -14*d - 61. What is a(0)?
-61
Let b(f) = -552*f - 3169. Determine b(-6).
143
Let s(i) = -i**3 - 17*i**2 - 49*i + 31. Give s(-13).
-8
Let w(g) = 85*g**2 - g + 4. Give w(-1).
90
Let p(d) = 113*d - 11172. Give p(99).
15
Let f(z) = -z**2 - 126*z + 2570. Determine f(-146).
-350
Let i(w) = 2*w**2 + 56*w + 367. Calculate i(-17).
-7
Let y(o) = -o**3 - 15*o**2 + 7*o - 96. Give y(-15).
-201
Let j(b) = -88*b - 1391. What is j(-16)?
17
Let k(f) = 2*f**2 - 106*f + 1256. What is k(35)?
-4
Let k(s) = s**2 - 194*s - 2127. Calculate k(-11).
128
Let q(v) = -48*v - 89